pose 0*q = q - 25. Let x = 423236 + -422936. Calculate the greatest common divisor of x and q.
25
Let b = 120 - 170. Let k = b + 98. Suppose -8*d + 7*d + 1 = 0, 5*h - 58 = 2*d. Calculate the greatest common divisor of h and k.
12
Let d be 5 - (-104)/(-20) - (-16)/5*61. Calculate the greatest common divisor of d and 2565.
15
Let g = -44 - 9. Let m = -58 - g. Let c be (5 + -9 - m)*78. Calculate the highest common divisor of c and 6.
6
Suppose 5*d - 1374 = -3*i, -5*i + 2*d = 6*d - 2277. Let u = i - 441. What is the greatest common divisor of u and 384?
12
Suppose -189*j + 45772 - 14809 = -227022. What is the greatest common divisor of 325 and j?
65
Let h = 250 - 96. Suppose 2*j + 4*k = 32, 51 = -4*j + 7*j + 5*k. Calculate the greatest common divisor of j and h.
22
Let w be (-3 - (-21)/6)*(3 - -1). Suppose 2*d = -w*h + h + 41, 2*d - 5*h = 35. Calculate the greatest common factor of 70 and d.
10
Let b = -7 - -1. Let s be b/(-5)*60/18. Let h be 15*78/72*s. What is the greatest common factor of h and 26?
13
Let t = -71 - -101. Let k(w) = -w**3 - 25*w**2 + 53*w - 7. Suppose -270 = -61*q + 71*q. Let v be k(q). Calculate the highest common divisor of v and t.
10
Suppose 4*x - 7*x - 4*h + 13 = 0, 4*x + 3*h = 15. Suppose -12 = -4*a, 0*a + a = x*g - 144. Let t = 84 - g. Calculate the highest common divisor of 14 and t.
7
Let h be 0 - 1 - -52*5. Let l = -7983 + 8020. What is the highest common divisor of h and l?
37
Suppose x + 7*t = 11*t, 3*x + 4*t - 16 = 0. Suppose -2*g = -3*k + 89, x*k + 3*g - 147 = -0*g. Calculate the highest common factor of k and 528.
33
Suppose 4*w - 1332 = -3*p, 5*p + 13*w - 2252 = 17*w. Suppose -6*s + p + 152 = 0. What is the greatest common divisor of s and 60?
20
Suppose -25 = -5*s, 4*k + s = -2*s + 11. Let r be k*6/3 - -22. Let x be (1/(-2))/((-3)/30). What is the highest common factor of x and r?
5
Let i(t) = -t**2 - 22*t - 30. Let l(p) = -p**3 - 22*p**2 - 21*p - 20. Let o be l(-21). Let m be i(o). What is the greatest common factor of m and 6?
2
Suppose -165*f = -95*f - 190400. Calculate the greatest common divisor of 765 and f.
85
Suppose -6*w = 9*w - 60. Suppose 5*z = -5*n + 35, -n = 3*n - w*z + 4. Calculate the highest common factor of n and 1.
1
Let j = -101 + -19. Let i be j/9*(-42)/8. Calculate the highest common divisor of i and 21.
7
Let h = -60 + 99. Let p(b) = -2*b**3 - 121*b**2 + 58*b + 129. Suppose -45*n = -47*n - 122. Let g be p(n). Calculate the highest common factor of g and h.
39
Let u = 2411 + -2171. What is the highest common factor of u and 285?
15
Let o be 39*(-6)/27*3. Let q be (38/2)/(7/(-5 - o)). Calculate the greatest common factor of 285 and q.
57
Suppose 0*b - 3*b + 4*k = -141, 0 = -2*b - k + 83. Let q(c) = -147*c. Let f be q(-2). Let s = f - 165. Calculate the highest common divisor of s and b.
43
Let h(o) = 21*o + 154. Let x be h(-8). Let w be ((-3480)/70)/(2/x*1). What is the highest common divisor of w and 12?
12
Let h(a) = -a**3 - 82*a**2 + 157*a - 763. Let c be h(-84). Let n be 2*(42/4 + 1). Calculate the highest common factor of n and c.
23
Let x(u) = -u**2 + 38*u + 489. Let m be x(41). What is the highest common factor of 976 and m?
122
Let l = 440 + -313. Suppose -s + 129 = l. Calculate the greatest common factor of s and 2.
2
Suppose 0 = -5*z + 283 + 177. Suppose 27 - 90 = -m + 3*t, 0 = 24*m - 5*t - 1646. Calculate the highest common divisor of z and m.
23
Suppose -d = -5*i + 66619, 2*i - 341*d + 343*d - 26662 = 0. Calculate the highest common factor of 26 and i.
13
Suppose 3*v + 249 = 4*n, 5*n + 123 = 2*v + 443. What is the highest common factor of 1749 and n?
33
Suppose 67*n - 976 - 4384 = 0. What is the highest common factor of 272 and n?
16
Suppose 0*h - 7*h + 34*h = 20196. What is the highest common factor of h and 220?
44
Let o be (1 + -10)/(15/(-775)). Suppose -27*p = -o - 669. What is the greatest common divisor of p and 357?
21
Let o be -15*5/(-25) + (3 - 0). Let s be (-6)/(o/24*-1). Calculate the greatest common divisor of s and 48.
24
Let o = -9698 - -9774. Suppose -m - 4*k - 365 = -1141, 3*m = -k + 2284. Calculate the highest common divisor of m and o.
76
Let o be 1/(((-4)/4)/(-35)). Suppose o*q = 30*q + 290. Let v = q + -45. What is the highest common divisor of 13 and v?
13
Suppose 4*g + 16 + 4 = 0, 0 = -3*c + g + 389. Let w = 6 - 6. Suppose -4*q + 64 = -w*q. What is the greatest common divisor of q and c?
16
Let q(l) = -4 - 1 + 2 - 13*l + 6. Let g be q(-3). Suppose 0 = 11*x - 94 + 28. What is the highest common factor of x and g?
6
Let i = 136 - 139. Let c be 123/6 - (6/4)/i. What is the highest common divisor of c and 84?
21
Let g(m) = 248*m - 487. Let l be g(6). What is the highest common factor of 3861 and l?
143
Let s be 29/(2697/3528) + (-6)/(-93). Calculate the highest common factor of 114 and s.
38
Suppose g + 2*m - 122 = 0, 225*m = 229*m + 16. What is the highest common divisor of 30 and g?
10
Suppose 5536*i - 5545*i = -19386. Calculate the greatest common factor of 6 and i.
6
Let x(j) = -j**3 - 72*j**2 - 74*j - 15. Let b be x(-71). What is the greatest common divisor of b and 342?
18
Suppose 5035 = 21*x - 3428. Calculate the highest common factor of 248 and x.
31
Let z(d) = 2*d**2 - 114*d + 181. Let b be z(67). What is the greatest common divisor of 351 and b?
117
Suppose -4*c = -445*v + 450*v - 937, -2*c - v = -461. What is the greatest common divisor of c and 24396?
228
Let f(v) = 15*v - 99. Let r be f(7). What is the greatest common divisor of r and 114?
6
Let s(z) = 140*z**2 + 55*z + 56. Let l be s(-1). Calculate the highest common factor of l and 5781.
141
Let w(x) = -x**2 - 9*x - 14. Let c be w(9). Let q = c - -217. Let o = 280 - 75. What is the highest common divisor of o and q?
41
Suppose 0 = 3*u + 2*y - 14135 + 2733, -3*y - 18959 = -5*u. What is the highest common divisor of u and 208?
52
Let k = 1714 - 851. Suppose 5*v = -4*m + k, -m = 3*v - 2*m - 528. Let g(h) = -15*h + 5. Let b be g(-2). Calculate the highest common factor of v and b.
35
Suppose 3*b = -y - 46, 7*b + 70 = 3*b + 3*y. Let p = 7 + b. Let h = p - -49. Calculate the highest common factor of h and 8.
8
Let i be (4 - 0) + -1 + 34. Suppose 7*x - 3524 = -1377 + 1220. Calculate the greatest common divisor of x and i.
37
Let u be ((-45 + 3)*14)/(5*(-4)/10). What is the greatest common factor of u and 133?
7
Let z be 615/(-25)*3/((-15)/25). Let h(t) = -t + 260. Let d be h(-27). Calculate the greatest common factor of d and z.
41
Let x = 6436 + -3352. Calculate the greatest common factor of x and 24.
12
Let m(g) = -g**3 - 14*g**2 - 24*g + 64. Let i be m(-14). What is the greatest common factor of i and 368?
16
Let x = 282 - 226. Suppose 0*o + 8 = 4*o. Suppose 0 = o*m - 20 - 8. Calculate the highest common factor of m and x.
14
Let i be (228/(-95))/(6/(-200)). Let z = 296 - i. Calculate the highest common divisor of z and 54.
54
Let w = 174 - 172. Suppose -2*f + 22 = -w*h, 3*f + 5*h - 3*h = 53. What is the greatest common divisor of f and 40?
5
Let u be 2163/77 + 1/(-22)*(18 - 16). Calculate the greatest common factor of u and 71680.
28
Suppose 0 = 18*j - 4575 - 2605 + 2032. What is the greatest common factor of 1040 and j?
26
Let s = 3354 + -3269. Calculate the greatest common factor of 155 and s.
5
Let y be (9/(-15))/((-11)/55). Suppose y*l - 143 = 55. Let s = 20 - -24. What is the greatest common factor of s and l?
22
Let a(b) = 11*b + 33. Let k be a(17). Let j = k - 127. Suppose -4*c + 7 + j = 0. Calculate the greatest common divisor of c and 100.
25
Suppose -156 = -o - 689. Let c = -517 - o. Calculate the highest common factor of c and 24.
8
Suppose 53*r = -1694 + 4254 + 8888. Suppose 4*s + 4*a = 24, -9 = -4*s - 2*a + 19. Calculate the highest common factor of s and r.
8
Let b be (15 - 7 - (-558)/(-81))*9. Suppose 4*d = 713 - 193. What is the highest common factor of d and b?
10
Let q(v) = 2*v**2 + 5*v - 2979. Let p be q(-49). Calculate the highest common factor of 36 and p.
6
Let i = -16969 - -16974. Calculate the greatest common divisor of i and 4955.
5
Let r(l) = 3*l**3 + 57*l**2 + 18*l - 18. Let t be r(-18). Calculate the greatest common divisor of t and 56.
14
Suppose -3*p - 4*f + 98 = 2*p, -35 = -2*p - 3*f. Let h = 9658 + -9647. Calculate the highest common divisor of h and p.
11
Suppose 